). Is 784 + (4/6 - y/12) composite?
True
Let i(u) = u**2 - 3*u. Let o be i(3). Suppose o = -k, -y + 4 = 3*k - 0. Suppose y*d - 282 = -54. Is d a composite number?
True
Let q(l) = -5 - 2 + 750*l**3 + 7 - l**2. Is q(1) a prime number?
False
Is 987/141 + (-13884)/(-2 - -1) composite?
True
Let a = 1151 - 286. Is a a prime number?
False
Let k(c) = 109*c**2 - 8*c - 2. Let v be k(3). Is v*(2 - 0 - (-7)/(-5)) a composite number?
True
Let k = 14 + -12. Suppose 0 = k*i - p - 1126 - 586, -5*p - 1720 = -2*i. Let h = i - 521. Is h a composite number?
True
Let i = -60 - -63. Let r(n) = 67*n**2 + n + 7. Is r(i) prime?
True
Let j = -44501 - -65460. Is j a prime number?
True
Let c(d) = -1. Let n(r) = -4*r - 2. Let l(w) = -c(w) + n(w). Let m be l(-4). Suppose -y + 4*h = -h - m, -y = -3*h - 15. Is y a prime number?
False
Suppose 4*w + 4 + 14 = j, 2*j + 4*w = -24. Is (-2 - j) + 494 + (-10 - -13) a composite number?
True
Let v = 4477 - 2900. Is v a composite number?
True
Let a = -51 - -53. Is (-2 + (-1 - a))*(-16 + -13) a composite number?
True
Let d = -15 - -14. Is d/(-3*4/22164) prime?
True
Suppose 0 = d + p - 2*p + 6, -16 = 3*d - 4*p. Is 4 - (-787 - d/2) composite?
False
Let j = 14 - 15. Is (1 - j)*13672/16 a composite number?
False
Let y(c) = c**3 + 14*c**2 + 55*c - 39. Is y(16) a composite number?
False
Suppose 5*z + 4*q = 4, 4*z - 5*q + 3*q + 2 = 0. Suppose -563 = -z*n - n. Is n a prime number?
True
Let u(x) = -10*x + 6. Let p(r) = 29*r - 18. Let n(y) = 6*p(y) + 17*u(y). Let d be n(0). Is 4/d - 917/(-3) a prime number?
False
Suppose 12*p - 11535 = 29373. Is p prime?
False
Let a(o) = -38*o**2 - 5*o - 28. Let f(w) = -13*w**2 - 2*w - 9. Let k(g) = -3*a(g) + 8*f(g). Is k(5) prime?
True
Let n(s) = 10*s**2 - 32*s + 131. Is n(17) composite?
False
Suppose -12 - 8 = -5*m. Let k = -1 + m. Suppose -j = -k*r + 131 + 141, j = 2*r - 183. Is r prime?
True
Is (-8)/(-4) + -1 + 1581 + 7 composite?
True
Suppose o = -5*a - 930, 4*o + 3820 = 2*a + 3*a. Let c = o + 1455. Is c a composite number?
True
Suppose 1 - 11 = -5*t. Suppose 4 = 3*z - 4*b, -3*z + 0*z - t*b + 16 = 0. Suppose -5*f - 580 = -3*n - 4011, 2*f = z*n + 1378. Is f a prime number?
False
Let h = -25 + 30. Suppose 4*x = 2*r - 2102, h*x = r - 1346 + 310. Is r a prime number?
True
Let q be (20/18)/(-5) - 30796/9. Let c = 5885 + q. Is c a composite number?
True
Let f(g) = 45*g**2 - 9*g + 17. Suppose 5*q - 5*p = 38 - 13, -2*q + 4*p + 6 = 0. Is f(q) a composite number?
True
Let q(c) = 3*c**2 + 5*c - 11. Suppose 16 - 6 = 5*g. Suppose 4*m = 5*k - 0*m - 30, g*k - 2*m = 12. Is q(k) prime?
True
Is (-3158)/(-2) + (-49 - -41) a prime number?
True
Suppose -12 = -4*i - v - 0, -15 = -5*i + 4*v. Let x = 240 + -237. Suppose i*k - 198 = 3*b, k - 3*b + x = 67. Is k a composite number?
False
Suppose -5*p + 5*y = -p + 5, -15 = -5*p + 2*y. Let g be -399 - (-1)/(p/20). Let t = g - -648. Is t composite?
True
Let q be (-17)/2*(8 - 2). Let s = -17 - q. Is s composite?
True
Let d(q) = 234*q + 35. Suppose 2*w - 5*w + 21 = 0. Is d(w) prime?
False
Let x(t) be the third derivative of -t**5/60 - 5*t**4/12 - 3*t**3/2 - t**2. Let m be x(-10). Is (6/m)/(4/(-1146)) prime?
True
Suppose -25*a = -20*a - 16855. Is a a prime number?
True
Suppose 11 = -2*k + 37. Let m = k + -11. Suppose -1507 = -4*o + 3*s, m*s + 272 = 5*o - 1603. Is o prime?
True
Let t = 0 - -6. Let v(n) = -n**3 - 9*n**2 - 13*n - 2. Let r(s) = -s**2 - s. Let o(a) = t*r(a) - v(a). Is o(7) composite?
False
Let x(y) be the first derivative of -4/3*y**3 + 4 - 3*y**4 - 4*y - 3/2*y**2. Is x(-3) a composite number?
False
Let q(w) = -w**2 - 2*w + 22. Let h be q(10). Let s = -51 - h. Is s a prime number?
True
Let t(h) = 2*h + 37. Let b be t(-24). Let l(r) = -r**3 + 2*r**2 + 27*r + 6. Is l(b) a composite number?
True
Let y be (-9)/(-36) + 6/8. Is (y + -2 - (-73)/2)*2 a composite number?
False
Let s = 3672 + -286. Is s a composite number?
True
Let j be (-8)/(-28) + (-15244)/(-7). Let z = -839 + j. Is z a composite number?
True
Suppose 0*x = 3*x - 2*b - 4, -x - 5*b = -7. Suppose 4 = 5*h + 2*w, 5*h = x*w + 2 - 6. Suppose t - 81 + 23 = h. Is t a prime number?
False
Suppose -3*u - 2*u = -695. Let c(a) = -a**2 + 38*a + 71. Let f be c(33). Let q = f - u. Is q prime?
True
Suppose 0 = 2*d - 4 + 2. Suppose -34*w - 130 = -44*w. Let t = w + d. Is t a composite number?
True
Let m(p) = -p**2 + 3*p + 7. Let x be m(4). Suppose x*s + 469 = 4*s. Is s prime?
False
Let h be (2 + -4)*(318/4)/3. Suppose p + 13 + 14 = -2*t, -2*p + 2*t - 54 = 0. Let n = p - h. Is n a composite number?
True
Is (-6)/(-75) - 530492/(-100) a prime number?
False
Let z(t) = 8 + 6*t**2 + 8 - 5*t - 12 + 2*t**2. Is z(5) prime?
True
Let b(k) = k**3 + 17*k - 8. Let s be b(7). Suppose 3*d = -4*c - 759, -3*d - c - 974 = -224. Let t = d + s. Is t a composite number?
True
Is ((-3212415)/(-60))/((-6)/(-8)) a composite number?
False
Is 33856/20 + 10/50 a composite number?
False
Suppose n = -v - 16087, 9 = -3*v + 3. Let h = -11302 - n. Is h a composite number?
False
Suppose 0 = -4*m + m. Suppose m = -4*h + 986 + 50. Is h a composite number?
True
Let l(m) = 36*m**3 - 47*m**2 + 5*m - 53. Is l(13) prime?
True
Let d(p) = 185*p + 12. Let q(w) = w - 1. Let r(y) = -d(y) - 5*q(y). Let k be r(-6). Suppose 0 = -2*m + 309 + k. Is m a composite number?
True
Let y(g) = -306*g - 35. Let i be y(-3). Let o = i - -678. Is o composite?
True
Let y = 86 + -29. Suppose 43 + y = 3*u + 2*h, -4*h - 196 = -5*u. Let z = 17 + u. Is z a composite number?
False
Is (-5)/(-1)*-15391*(-29)/145 composite?
False
Let m(w) = 127*w**2 - 5*w - 37. Is m(-8) prime?
False
Let d(u) = -u**2 + u + 2. Let c be d(3). Let x = c + 9. Suppose a = -x*l - 3*a + 587, -3*a = 6. Is l a prime number?
False
Suppose -2*i - c - 2 = 0, 2*i + 3*c - 14 = 6*i. Is i + 4/4 - -1584 a prime number?
True
Suppose -15745 = -4*y - g, -4*y + 7092 = 2*g - 8658. Is y a composite number?
True
Let a = 300 - 201. Let m(r) = 232*r**2 + 1. Let s be m(-1). Let p = s - a. Is p a composite number?
True
Suppose -4*i = -16, -25*h + 23*h = 2*i - 12082. Is h a prime number?
True
Let o = -2597 - -3890. Is o a prime number?
False
Let h = 54004 + -23583. Is h composite?
True
Is 110/(-385) + -2 + (-604930)/(-14) a composite number?
False
Let s(j) = 53*j - 5. Suppose 3*h - 3*d - 7 - 11 = 0, 30 = 5*h + 4*d. Let c be s(h). Suppose -2*o + 5*o = 5*k + c, o - 111 = -5*k. Is o a prime number?
False
Suppose 2*d - 3*d = q - 17, -d + 5*q - 1 = 0. Suppose -d*b + 10*b = -2776. Is b a prime number?
False
Let u be 4/(-14) - 13448/(-28). Let s = u + -337. Is s a composite number?
True
Let r(l) = -2*l**3 + 21*l**2 + 38*l + 12. Is r(-17) a prime number?
False
Suppose -19 = 5*p - j, -p + 3*p + 4*j - 10 = 0. Is 194 + p + 1 + -1 a composite number?
False
Suppose 0 = -4*m - 16, -5*m + 10 = 3*p - 54. Let v be (-807)/33 - (-66)/(-121). Let c = p - v. Is c composite?
False
Suppose 34*g = 26*g + 293992. Is g composite?
False
Is 29514*1*5/30 a prime number?
True
Suppose 4*v - 11336 = 4*o, 5*v + 4*o - 17893 + 3759 = 0. Suppose -4*x - x = v. Is 2/(-10) + x/(-5) prime?
True
Let j = 695 + -384. Let b = -76 + j. Is b a prime number?
False
Is (2/3)/(134/831135) a prime number?
False
Let s(b) = -4*b + 9. Let f(y) = -y + 3. Let i(x) = 11*f(x) - 4*s(x). Let n be i(8). Suppose k = -0*k + n. Is k a composite number?
False
Let t = -4703 - -10342. Is t a composite number?
False
Suppose -5369 = -2*c + 7241. Suppose 8*w + 5*w = c. Is w a prime number?
False
Let m = -61 - -133. Let h be (m/15)/((-4)/90). Let q = h + 221. Is q composite?
False
Suppose -363*t + 14441 = -356*t. Is t a prime number?
True
Suppose 9*j = 7*j + 6. Suppose -3*y - 314 = -j*d - 1100, -3*y + 768 = 3*d. Is y composite?
True
Suppose -10*l = -5*l - 125. Suppose -2*a + 5*a - 648 = -3*m, 5*m = l. Is a prime?
True
Suppose -z = -2*z - b + 670, -5*z + b = -3374. Suppose -s - z = -3*u, -8*u + 1120 = -3*u - s. Is u a composite number?
False
Let p(w) = w - 12. Let y be p(18). Suppose 2 + y = 2*m. Suppose -m*n - n = -275. Is n prime?
False
Suppose -2*s - 23 = s - 2*t, -2*s + t = 15. Let k(u) = u**2 + 5*u - 3. Is k(s) a composite number?
False
Let s be (-246)/(-9)*(0 + -6). Let z = 71 + s. Is -4 - (-2 + 9*z) a composite number?
True
Let i = -932 - -2467. Is i a prime number?
False
Suppose 0 = -2*w + 11*w + 27. Is ((-4195)/(-2